371333363?
6
What is the ten millions digit of 112934851?
1
What is the hundred thousands digit of 47392508?
3
What is the ten millions digit of 5415407796?
1
What is the millions digit of 764122459?
4
What is the hundred thousands digit of 11322382?
3
What is the units digit of 3265828551?
1
What is the tens digit of 51493621?
2
What is the hundred thousands digit of 185854331?
8
What is the thousands digit of 164964215?
4
What is the tens digit of 228189773?
7
What is the ten millions digit of 370238818?
7
What is the thousands digit of 21070446?
0
What is the units digit of 8550513390?
0
What is the millions digit of 170941580?
0
What is the millions digit of 115750990?
5
What is the hundred thousands digit of 1053503158?
5
What is the ten millions digit of 197495765?
9
What is the millions digit of 3865498226?
5
What is the thousands digit of 55988942?
8
What is the tens digit of 53906491?
9
What is the units digit of 22967872?
2
What is the hundred thousands digit of 16037817?
0
What is the hundred thousands digit of 1617568550?
5
What is the ten millions digit of 89449407?
8
What is the tens digit of 72037936?
3
What is the ten millions digit of 92496566?
9
What is the hundred millions digit of 689752737?
6
What is the thousands digit of 78935010?
5
What is the tens digit of 6167611203?
0
What is the hundreds digit of 266603750?
7
What is the ten millions digit of 17624942?
1
What is the hundreds digit of 1699842824?
8
What is the ten millions digit of 65598766?
6
What is the units digit of 96862470?
0
What is the ten thousands digit of 25475994?
7
What is the units digit of 44581903?
3
What is the units digit of 26718883?
3
What is the hundred thousands digit of 24279806?
2
What is the ten millions digit of 242803880?
4
What is the hundred thousands digit of 120922996?
9
What is the units digit of 67513021?
1
What is the billions digit of 3212520428?
3
What is the hundred thousands digit of 45603104?
6
What is the millions digit of 201636355?
1
What is the hundreds digit of 12237350?
3
What is the billions digit of 1514539131?
1
What is the hundred thousands digit of 2823761288?
7
What is the millions digit of 690118073?
0
What is the tens digit of 113938446?
4
What is the millions digit of 385123880?
5
What is the hundred thousands digit of 1480489927?
4
What is the hundred thousands digit of 7297205529?
2
What is the units digit of 26571544?
4
What is the hundreds digit of 511542198?
1
What is the ten millions digit of 39850353?
3
What is the thousands digit of 3265036468?
6
What is the ten millions digit of 2442629855?
4
What is the units digit of 993884246?
6
What is the ten millions digit of 396834251?
9
What is the units digit of 15289872?
2
What is the hundred thousands digit of 408781620?
7
What is the units digit of 87342103?
3
What is the tens digit of 90793129?
2
What is the ten millions digit of 257775644?
5
What is the hundreds digit of 1000599130?
1
What is the hundreds digit of 61081005?
0
What is the hundred thousands digit of 67701314?
7
What is the units digit of 427294113?
3
What is the tens digit of 3941473615?
1
What is the tens digit of 23857203?
0
What is the hundred millions digit of 782440775?
7
What is the ten thousands digit of 121032272?
3
What is the ten thousands digit of 7680404379?
0
What is the hundreds digit of 32486050?
0
What is the thousands digit of 40374469?
4
What is the units digit of 262741159?
9
What is the units digit of 71310218?
8
What is the hundreds digit of 36856750?
7
What is the hundred thousands digit of 251166353?
1
What is the tens digit of 316846662?
6
What is the tens digit of 141169050?
5
What is the tens digit of 124576461?
6
What is the thousands digit of 80488239?
8
What is the units digit of 98856309?
9
What is the hundreds digit of 357479631?
6
What is the units digit of 1751213441?
1
What is the ten millions digit of 25015173?
2
What is the millions digit of 295738045?
5
What is the hundred thousands digit of 25391851?
3
What is the hundred millions digit of 113581335?
1
What is the ten millions digit of 27788887?
2
What is the hundreds digit of 364913791?
7
What is the thousands digit of 38199047?
9
What is the millions digit of 1226042546?
6
What is the millions digit of 1025667673?
5
What is the thousands digit of 329618640?
8
What is the tens digit of 743977992?
9
What is the millions digit of 168062802?
8
What is the hundreds digit of 28280519?
5
What is the hundreds digit of 91399775?
7
What is the hundred millions digit of 4797780867?
7
What is the ten thousands digit of 59810999?
1
What is the millions digit of 3889540464?
9
What is the millions digit of 253915112?
3
What is the hundred thousands digit of 460932902?
9
What is the millions digit of 63981340?
3
What is the units digit of 1888590500?
0
What is the millions digit of 1431382163?
1
What is the thousands digit of 619762294?
2
What is the tens digit of 7234540819?
1
What is the millions digit of 99923825?
9
What is the hundreds digit of 3777586596?
5
What is the ten thousands digit of 47308305?
0
What is the units digit of 17948316?
6
What is the ten thousands digit of 139849476?
4
What is the hundreds digit of 1511718222?
2
What is the ten thousands digit of 165862822?
6
What is the hundred thousands digit of 114487028?
4
What is the ten millions digit of 21941514?
2
What is the millions digit of 28152565?
8
What is the millions digit of 842358745?
2
What is the thousands digit of 297509618?
9
What is the millions digit of 499860318?
9
What is the ten millions digit of 681838405?
8
What is the ten millions digit of 18904315?
1
What is the hundred thousands digit of 3136186524?
1
What is the thousands digit of 3628213409?
3
What is the hundred millions digit of 1343465289?
3
What is the millions digit of 114038024?
4
What is the billions digit of 1324868928?
1
What is the millions digit of 4448098387?
8
What is the ten thousands digit of 52942483?
4
What is the hundreds digit of 59193589?
5
What is the ten thousands digit of 1191326984?
2
What is the thousands digit of 29624897?
4
What is the hundred millions digit of 257104522?
2
What is the millions digit of 16654447?
6
What is the hundreds digit of 605753092?
0
What is the hundred millions digit of 5659875993?
6
What is the units digit of 148197409?
9
What is the ten thousands digit of 9617729?
1
What is the hundred thousands digit of 1832351799?
3
What is the ten millions digit of 94104316?
9
What is the ten thousands digit of 6836349700?
4
What is the thousands digit of 881637039?
7
What is the hundred thousands digit of 495215437?
2
What is the hundreds digit of 67622739?
7
What is the millions digit of 30449089?
0
What is the units digit of 1001107288?
8
What is the ten thousands digit of 74290247?
9
What is the millions digit of 1482551848?
2
What is the ten thousands digit of 34542033?
4
What is the tens digit of 173497709?
0
What is the tens digit of 918204693?
9
What is the millions digit of 59294606?
9
What is the hundred millions digit of 1075609732?
0
What is the hundred thousands digit of 621931039?
9
What is the millions digit of 132883914?
2
What is the tens digit of 646495266?
6
What is the tens digit of 436532500?
0
What is the tens digit of 111176487?
8
What is the units digit of 411002612?
2
What is the hundred thousands digit of 315926511?
9
What is the units digit of 2455489?
9
What is the units digit of 1843071307?
7
What is the tens digit of 9383932?
3
What is the ten thousands digit of 3390390663?
9
What is the ten millions digit of 30698142?
3
What is the hundred thousands digit of 943747423?
7
What is the millions digit of 1758029547?
8
What is the ten thousands digit of 216516173?
1
What is the hundred millions digit of 4136227424?
1
What is the ten millions digit of 460226839?
6
What is the millions digit of 444660235?
4
What is the hundreds digit of 7663079017?
0
What is the tens digit of 5447644088?
8
What is the hundred millions digit of 374427550?
3
What is the ten thousands digit of 127028811?
2
What is the ten thousands digit of 8074898?
7
What is the hundred millions digit of 172869365?
1
What is the hundreds digit of 2766014287?
2
What is the ten thousands digit of 126178362?
7
What is the hundred thousands digit of